{"id":9,"date":"2014-04-11T11:38:39","date_gmt":"2014-04-11T09:38:39","guid":{"rendered":"http:\/\/www.cloudeating.com\/wordpress\/?page_id=9"},"modified":"2021-02-04T19:04:48","modified_gmt":"2021-02-04T18:04:48","slug":"about","status":"publish","type":"page","link":"https:\/\/www.cloudeating.com\/?page_id=9","title":{"rendered":"About"},"content":{"rendered":"\n<p><strong>Chi c&#8217;\u00e8 dietro<\/strong><br>di Laura D&#8217;Inc\u00e0<\/p>\n\n\n\n<p>Cloudeating \u00e8 una parola che mi \u00e8 venuta in mente pensando al titolo della prima raccolta di poesie che ho pubblicato (&#8220;Pane di Nuvola&#8221;, Edizioni Nuove Scritture, Milano). Le nuvole rimandano a qualcosa di estremamente astratto, al sogno, alla fantasia&#8230; non si dice forse avere la testa tra le nuvole per indicare uno stato di trance, di trasognanza? Il pane, invece, \u00e8 il cibo quotidiano, un bene di prima necessit\u00e0, qualcosa di molto concreto. Cosa succede quando sogno e trance e fantasie precipitano dal Cielo in forma di pane? Trovo che sia un&#8217;immagine interessante, e cos\u00ec, da quest&#8217;idea della manna, \u00e8 nato Cloudeating.<br>Ho sempre lavorato con i computer, ma non sono una professionista del web. La rete per me \u00e8 un&#8217;estensione del sogno, \u00e8 un non-luogo, \u00e8 un contenitore capiente da cui attingere nuove fantasie, in cui versare parti mie, per condividerle con voi, che siete arrivati fin qui e state leggendo queste righe. Buona navigazione.<\/p>\n\n\n\n<p><strong>Who&#8217;s behind<\/strong><br>by Laura D&#8217;Inc\u00e0<\/p>\n\n\n\n<p>The word Cloudeating is an idea coming from the first poems collection I published  (&#8220;Pane di Nuvola&#8221;, Edizioni Nuove Scritture, Milano). Clouds are extremely abstract objects, something close to dreaming, fantasy and imagination&#8230; Bread, instead, is something you need every day, is the food, is very concrete, material. What does it happen when dreams fall down from Heaven? I think it&#8217;s an interesting image, so this is where the Cloudeating idea comes from.<br>I&#8217;ve been working with computers for a very long time, although the web is not my profession. The net is for me an extension of dreaming itself, a container from where I can extract new fantasies, where I can pour pieces of me, to share them with all of you, people reading these lines. Happy surfing.<\/p>\n","protected":false},"excerpt":{"rendered":"<p>Chi c&#8217;\u00e8 dietrodi Laura D&#8217;Inc\u00e0 Cloudeating \u00e8 una parola che mi \u00e8 venuta in mente pensando al titolo della prima raccolta di poesie che ho pubblicato (&#8220;Pane di Nuvola&#8221;, Edizioni Nuove Scritture, Milano). Le nuvole rimandano a qualcosa di estremamente astratto, al sogno, alla fantasia&#8230; non si dice forse avere la testa tra le nuvole &hellip; <a href=\"https:\/\/www.cloudeating.com\/?page_id=9\" class=\"more-link\">Continua a leggere <span class=\"screen-reader-text\">About<\/span><\/a><\/p>\n","protected":false},"author":1,"featured_media":0,"parent":0,"menu_order":0,"comment_status":"closed","ping_status":"open","template":"","meta":{"footnotes":""},"class_list":["post-9","page","type-page","status-publish","hentry"],"_links":{"self":[{"href":"https:\/\/www.cloudeating.com\/index.php?rest_route=\/wp\/v2\/pages\/9","targetHints":{"allow":["GET"]}}],"collection":[{"href":"https:\/\/www.cloudeating.com\/index.php?rest_route=\/wp\/v2\/pages"}],"about":[{"href":"https:\/\/www.cloudeating.com\/index.php?rest_route=\/wp\/v2\/types\/page"}],"author":[{"embeddable":true,"href":"https:\/\/www.cloudeating.com\/index.php?rest_route=\/wp\/v2\/users\/1"}],"replies":[{"embeddable":true,"href":"https:\/\/www.cloudeating.com\/index.php?rest_route=%2Fwp%2Fv2%2Fcomments&post=9"}],"version-history":[{"count":4,"href":"https:\/\/www.cloudeating.com\/index.php?rest_route=\/wp\/v2\/pages\/9\/revisions"}],"predecessor-version":[{"id":448,"href":"https:\/\/www.cloudeating.com\/index.php?rest_route=\/wp\/v2\/pages\/9\/revisions\/448"}],"wp:attachment":[{"href":"https:\/\/www.cloudeating.com\/index.php?rest_route=%2Fwp%2Fv2%2Fmedia&parent=9"}],"curies":[{"name":"wp","href":"https:\/\/api.w.org\/{rel}","templated":true}]}}